ded by 11.
9
Calculate the remainder when 242 is divided by 7/(123/(-21) - -6).
46
Let l = -13 + 36. Let z(s) = s**3 - 2*s**2 - 23*s + 35. Calculate the remainder when z(6) is divided by l.
18
Suppose -4*l + 51 + 61 = 0. Let z be -1*(-1 - 1 - -9). Let t = 3 - z. What is the remainder when l is divided by t?
8
Let r = 13 - 7. Let v = 13 - r. Calculate the remainder when 34 is divided by v.
6
Let o = 122 - 56. Suppose -4*s + o = 2*s. What is the remainder when s is divided by 6?
5
Let q = 1911 + -1870. What is the remainder when 45 is divided by q?
4
Let s(u) = 22*u - 58. What is the remainder when 99 is divided by s(4)?
9
Suppose 2*q = 16 - 6. Suppose 0*h - q*h = 3*u - 40, 80 = 5*h - 5*u. Calculate the remainder when 39 is divided by h.
6
Let q = -1002 - -1120. What is the remainder when q is divided by 19?
4
Let u(s) = 3*s - 106. Calculate the remainder when 23 is divided by u(36).
1
Let f(i) = 10*i - 1. Let j = 17 - -153. What is the remainder when (24/30)/(4/j) is divided by f(1)?
7
Suppose 14*j - 103 = 135. Calculate the remainder when 815 is divided by j.
16
Let m = -43 + 34. Let u(j) = -7*j - 55. Calculate the remainder when 141 is divided by u(m).
5
Let u be 3/(2 - (-30)/(-16)). Let v be 2/6 + (-296)/u. Let g = v - -29. Calculate the remainder when 50 is divided by g.
16
Let k(h) = h**2 - 14*h + 10. Calculate the remainder when 55 is divided by k(14).
5
Let i(h) = -2*h**2 + 38*h - 67. What is the remainder when 463 is divided by i(16)?
28
Suppose 11*o = 8*o - 126. Let p = o + 71. Calculate the remainder when p is divided by 6.
5
What is the remainder when (-66)/77 - (-888)/(-21)*-3 is divided by 40?
6
What is the remainder when 93 is divided by (8/2)/(28/56)?
5
Suppose 31 = 4*q - 37. Calculate the remainder when q is divided by -4*2*21/24 + 15 + -1.
3
Suppose 3*n = -n - 36. Let k be 1/(n/6)*-3. Suppose 6*c - c - 60 = 3*b, k*c - 24 = -2*b. What is the remainder when 34 is divided by c?
10
Suppose 2*p - 4*d + 1 = 19, 4*p = 3*d + 61. Let n = p + -10. Calculate the remainder when n is divided by 4.
1
Suppose 2396*p = 2406*p - 490. Calculate the remainder when 53 is divided by p.
4
Suppose 3*o + 3*y + 37 = -2*o, -o - 2*y = 13. Let d(v) = -v**3 - 5*v**2 + v + 4. Let a be d(o). What is the remainder when (120/50)/(a/(-5)) is divided by 5?
2
Let l = -15 - -30. Calculate the remainder when 14 + -10 + 7*10 is divided by l.
14
Suppose 0 = -j + 3*p - 11, -j + 0*p = 4*p - 24. Suppose -j*f = -f - 54. What is the remainder when 50 is divided by f?
14
Suppose -21*s + 493 = -137. Calculate the remainder when s is divided by 9*(-2)/(-4)*2.
3
Let o(i) = -57*i - 269. What is the remainder when o(-26) is divided by 15?
13
Let z(o) = -o**3 + o**2 - o + 11. Let h be (-2)/(-4)*(7 - 15). Calculate the remainder when 42 + (-12)/(-4) + h is divided by z(0).
8
Suppose -57*j - 2*u - 77 = -62*j, 0 = -j - u + 14. What is the remainder when 113 is divided by j?
8
Let b = 83 - 30. Let l = -34 + b. What is the remainder when l is divided by 7?
5
Let a be -30 - (-4 - (-3 + 1)). Let g = a + 42. Calculate the remainder when 41 is divided by g.
13
Let t(l) = -l**3 + 14*l**2 + 32*l + 4. Calculate the remainder when t(16) is divided by 2.
0
Let k(z) = -z**2 - 44*z - 377. Suppose 4*o = 2*d + 78, -2*o + 5*o + 5*d = 91. What is the remainder when k(-14) is divided by o?
21
Let u = 43 - -1. Let l = 197 - 173. Calculate the remainder when u is divided by l.
20
Let i be (-4 + -80)/(-1) - -4. Let k = i + -19. Calculate the remainder when k is divided by 12.
9
Suppose 0 = 4*a - 2*a. Suppose 3*p - 4 + 49 = a. Let g = p - -21. Calculate the remainder when 34 is divided by g.
4
Suppose 3*o = -o + 36. Let a = o - 7. Suppose 5*g + 7 - 57 = -2*y, -a*g = 2*y - 38. Calculate the remainder when 28 is divided by y.
13
What is the remainder when 232 is divided by (3240/(-16))/(-3) - (-1)/2?
28
Let r = -84 - -107. Calculate the remainder when 59 is divided by r.
13
Let j = -20 - -14. What is the remainder when 3/j*2 - -95 is divided by 14?
10
Suppose -567 = -2*y - 223. Calculate the remainder when y is divided by 35.
32
Let c = -667 - -725. Calculate the remainder when 174 is divided by c.
0
Let k = 198 - 167. What is the remainder when 76 is divided by k?
14
Let k be (2 - (-16)/12)*-3. Let d = 65 + k. Suppose 3*t - o = -0*o + d, 4*o = 5*t - 101. Calculate the remainder when 65 is divided by t.
14
Suppose 3 + 9 = 4*s. Let b = 4 + 10. What is the remainder when b is divided by 20/(-8)*(1 - s)?
4
Suppose q - 38 = -2*s, -7*s = -2*s + 5. Calculate the remainder when 357 is divided by q.
37
Let r(l) be the first derivative of 8*l**3/3 - 2*l**2 - 2*l - 10. Calculate the remainder when 36 is divided by r(-1).
6
Let y(x) = x**2 - 11*x + 22. Let u be y(9). Suppose -j - 7 = -s + 47, 5*s = u*j + 267. Calculate the remainder when s is divided by 13.
12
Let q be 1/3 + (-188)/6. Let z = 53 + q. Suppose k = 3*k - z. Calculate the remainder when k is divided by 6.
5
Let j = -76 - -121. Suppose -3*p = 2*p - j. Suppose 5*v + 56 = p*v. What is the remainder when 41 is divided by v?
13
Let j = -181 - -194. Let i = -7 + 1. Calculate the remainder when 506/10 - i/15 is divided by j.
12
Suppose 27 = k - 7. Let q(d) = 3*d - 5. Calculate the remainder when k is divided by q(4).
6
Let s(p) = p**3 + 17*p**2 + 22*p + 115. What is the remainder when s(-15) is divided by 53?
23
Suppose -47 = -k + v + v, -5*k = 2*v - 175. Let h(y) = 9*y + 1. Suppose 0 = 5*f + 25, 5*f + 26 + 1 = 2*d. What is the remainder when k is divided by h(d)?
7
What is the remainder when 144 is divided by 6 + 5 + 8 + (-2 - -4)?
18
Suppose -5*w - 2*d = -198, 2*d = -3*w - 83 + 201. Calculate the remainder when 148 is divided by w.
28
Let x = -34 + 16. Let b = 46 + x. Let h(d) = 56*d**2 + 3*d + 1. What is the remainder when h(-1) is divided by b?
26
Suppose -2*j + 0*j + 4 = 0. Suppose 4*i = 4*z - 52, -2*z - j*i + 18 = -20. What is the remainder when 143 is divided by z?
15
Let t = 60 + -56. Suppose -3*v + 3 + 9 = t*b, 4*b + 8 = 2*v. Suppose -4*q - l + 25 = 4*l, 2*q = -2*l + 14. What is the remainder when q is divided by v?
2
What is the remainder when 18/(-2 - 0)*(-79 + 31) is divided by 63?
54
Suppose 1225 + 329 = 37*w. Calculate the remainder when 711 is divided by w.
39
Let f be ((-252)/(-10))/((-1)/(-25)). Suppose t = w - 162, -t - f - 33 = -4*w. What is the remainder when w is divided by 34?
31
Let y(z) = z**2 + 7*z - 14. Suppose 5*r = -2*n + 71, 6*r + 2*n = 3*r + 41. What is the remainder when r is divided by y(-9)?
3
Let j be (-561)/(-68) + (0 - 2/8). What is the remainder when 22 is divided by 103/j + (-17)/(-136)?
9
Let n(j) = 3*j**2 + 93*j + 99. What is the remainder when 1132 is divided by n(-30)?
7
Let m(i) = i**3 + i**2 + i + 68. What is the remainder when m(0) is divided by 1*(9/(-3) + 38)?
33
Suppose 10*p = -p + 110. Calculate the remainder when 64 is divided by p.
4
Let x be (-3 + 1)*32/40*-5. Calculate the remainder when 1*-2 - -1 - (-2280)/x is divided by 19.
18
Suppose 4*i = 3*i + 4. Let a(c) = 2*c - 1. Let w(m) = 3*m - 1. Let s(v) = 9*a(v) - 4*w(v). Calculate the remainder when s(i) is divided by 10.
9
Let z be 4/(-7) + (-2448)/126. What is the remainder when 83 is divided by (z/(-40))/((-2)/(-68))?
15
Let y(v) = 20*v**2 + 17*v + 28. What is the remainder when y(-2) is divided by 25?
24
Let i be (57/38)/(1/2). Let x = 2 + i. Suppose x*j - 14 = q, -12 - 2 = -4*j - 2*q. What is the remainder when 12 is divided by j?
0
Let o(j) = j**2 + 6*j - 4. Let h be o(-7). Suppose 104 = q + 3*q. What is the remainder when q is divided by 13 - h*(-2)/3?
11
Let f(h) = h**3 + 4*h**2 - 5*h - 7. Let m be f(-5). Let o be ((-5)/10)/((-3)/12). Let b = o - m. What is the remainder when b is divided by 6?
3
Let r be (-6)/(-12) - (-146)/(-4). Suppose p = 8*p + 371. Let f = r - p. What is the remainder when 49 is divided by f?
15
Suppose -3*r = 2*p - 26 - 39, -3*p + 94 = r. Calculate the remainder when (2/(-3))/(4/(-354)) is divided by p.
28
Suppose 0*b + 4*b - 20 = 0. Suppose -b*i = -2*i - 6. Suppose -3*q + 203 = 5*h, i - 6 = q. Calculate the remainder when h is divided by 11.
10
Suppose 3*t - 50 - 7 = 0. Let r = 108 + -151. Let z = r - -53. Calculate the remainder when t is divided by z.
9
Suppose 81 = 2*h + 7*h. Let s(p) = -p**2 - 16*p - 12. Calculate the r